 m = 0 - 3. Let x(b) = 6 + 6 + 3*b + b**2 - 6. Calculate the remainder when 10 is divided by x(m).
4
What is the remainder when 263 is divided by (1 - 9/2)*(44 - 46)?
4
Suppose -3*a = 3*b - 30, -a = 4*a - 25. Calculate the remainder when 50 is divided by b.
0
Let o(z) = -68*z - 8. Let j be o(-1). What is the remainder when 85 is divided by (48/j)/(2/55)?
19
Let a(w) = w**2 - 34*w + 85. Calculate the remainder when 72 is divided by a(32).
9
Let n = 222 - 55. What is the remainder when n is divided by 29?
22
Let q be 1*6 - (0 + 1). Let g(h) = h**2 - 2*h + 1. Let o be g(1). Suppose 2*x + o*b - 8 = 5*b, -x = q*b - 19. What is the remainder when 24 is divided by x?
6
Suppose -5*c + 127 = 4*y, -y = 2*c - 0*y - 52. Suppose -17*w + 22*w = v - 68, 0 = -4*v + 4*w + 304. What is the remainder when v is divided by c?
24
Let o(d) = -2*d**3 + 65*d**2 - 34*d + 87. What is the remainder when 413 is divided by o(32)?
22
Suppose -4*u + 18 = 2*w, 2*u = -5*w + 23 + 30. Let l(f) = -f + 23. Calculate the remainder when 46 is divided by l(w).
10
Let y = 352 + 58. What is the remainder when y is divided by 106?
92
Suppose -n - 1 = -2. Suppose 2*h + 3*h + 10 = -p, 0 = -2*p - 3*h + n. Let y(a) = a**3 + 8*a**2 - 12*a - 9. What is the remainder when y(-9) is divided by p?
3
Suppose -17 = q - 4*y - 4, -5*q = 3*y + 88. Let j = q + 17. Suppose -46 = -2*s + 2*g, j*g + 5 = g. What is the remainder when s is divided by 10?
8
Let g be 3 + 0 + (6/3 - 15). What is the remainder when (24/g)/((-7)/(71 - 1)) is divided by 5?
4
Suppose r + 39 = l - 0*r, 15 = 3*r. Let d(n) = n**2 - n - 2. Let p be d(-2). Let u(a) = 4*a - 1. What is the remainder when l is divided by u(p)?
14
What is the remainder when (-10248)/(-12) - 9 - 1 is divided by 94?
92
Let y = -503 + 605. What is the remainder when 507 is divided by y?
99
What is the remainder when 39/(-4)*144/(-27) is divided by 29?
23
Let t(w) be the third derivative of 0*w + 1/24*w**4 + 0*w**3 - 6*w**2 + 0. Calculate the remainder when 13 is divided by t(7).
6
What is the remainder when 52 is divided by (30/60)/(1/38)?
14
Let p(u) = -u**3 + 12*u**2 + 45*u - 5. What is the remainder when p(13) is divided by 20?
11
Calculate the remainder when 277 is divided by (-24)/2*4/18*-15.
37
Suppose 2*a + h = 27, 4*a + h = 4*h + 69. What is the remainder when 89 is divided by a?
14
Suppose 29 = -4*l + x, -5*x = -0*l - 3*l - 43. Let t be (l/8)/(2/16). Let j = 31 - t. What is the remainder when j is divided by 19?
18
Let n be (9/(-5))/(15/(-50)). Suppose 5*p - 216 = -k, -7*k + n*k = p - 44. Calculate the remainder when p is divided by 9.
7
Let v(t) = -47*t - 123. What is the remainder when v(-3) is divided by 8?
2
Suppose 0 = 3*t + 3*n - 336, 46*n = -3*t + 48*n + 326. What is the remainder when t is divided by 39?
32
Let d(u) = -u**3 - 15*u**2 - 20*u + 13. What is the remainder when d(-14) is divided by 25?
22
Suppose s = 5*s - 28. Suppose s = -6*x + 85. Calculate the remainder when x is divided by 7.
6
Suppose -5*u = -f + 66, -f = 2*u - 37 - 8. Let n = -647 + 673. Calculate the remainder when f is divided by n.
25
Let x(a) = -2*a**3 - 3*a**2 - 3*a - 5. Let j be x(-2). Suppose -j*w - 2*r = -2*w - 65, 0 = -2*w + 5*r + 56. Calculate the remainder when w is divided by 4.
3
Suppose 315 - 945 = -21*a. Calculate the remainder when a is divided by 304/18 + (-2)/(-18).
13
Let h = 54 + -35. Suppose -5*o = 3*i - 63, -2*i + 28 + h = 5*o. Calculate the remainder when 56 is divided by i.
8
Let n(p) = 4*p**3 - 8*p**2 + 7*p. What is the remainder when 25 is divided by n(2)?
11
Let f(v) = v**3 + 6*v**2 - 13*v - 21. Let r be f(-7). Suppose -26*h + 190 = -r*h. What is the remainder when 113 is divided by h?
37
Suppose 18 = p + 3*v - 0, 2*p - 3*v = 63. Let y = 197 - 195. Suppose -j = y*j - p. Calculate the remainder when 35 is divided by j.
8
Suppose -24 = p - 0. Let c(n) = 2*n**2 + 7*n + 2. Calculate the remainder when (p/(-5))/(6/40) is divided by c(-5).
15
Let p be ((-2)/2)/(-2) - (-46)/4. Suppose 8*x - p*x = -136. Calculate the remainder when x is divided by 12.
10
Suppose 5 = k + 3. Suppose 4*t - k*p - 22 = 0, 5*t - 2*p - 2*p - 26 = 0. Suppose t*b = -2*b + 184. Calculate the remainder when b is divided by 8.
7
Let j(x) = -29*x + 441. What is the remainder when 418 is divided by j(14)?
33
Let y be (-2)/5 + (-20)/(-50). Let i(r) = y*r - 12*r + 2*r - 11 + 10. Calculate the remainder when i(-4) is divided by 10.
9
Suppose -2336 = -29*s + 4073. Calculate the remainder when s is divided by 9.
5
Let a(i) = 8*i - 84. Calculate the remainder when 14 is divided by a(11).
2
Suppose 4*l = 5*l. Suppose -u + l + 2 = 0. Suppose -12 = -4*i - u*t, 4*i + 2*t - 6 = -3*t. What is the remainder when 15 is divided by i?
3
Let f = 95 + -54. What is the remainder when f is divided by 22?
19
Let w(n) = 7*n - n**2 - 20 + 23 + 41. Calculate the remainder when w(10) is divided by 8.
6
Let c = 189 - 176. Calculate the remainder when 218 is divided by c.
10
Suppose 34*r = 33*r + 18. What is the remainder when 45 is divided by r?
9
Let f(j) = 10*j**2 + 370*j**3 + 9 - 369*j**3 + 8*j - j**2. Suppose u - 28 = -u. What is the remainder when f(-6) is divided by u?
13
Let t(b) = -3*b - 13. Let w be t(-6). Calculate the remainder when 31 is divided by (4 - w) + (18 - 0).
14
Suppose 0 = p - 2*p. Let g be (3 - 2) + 0 + p. Calculate the remainder when 46 is divided by -12*(-5 + g + 3).
10
Let b(f) = -3*f - 5. Suppose 4*i + 18 = 118. Let l = 45 - i. What is the remainder when l is divided by b(-4)?
6
Let j(x) be the third derivative of 5*x**4/12 - x**3/6 + 36*x**2. What is the remainder when j(6) is divided by 20?
19
Let q(x) = x + 3. Let b(m) = -3*m**2 - 6*m - 1. Let l(n) = -2*n**2 - 5*n - 1. Let s(f) = 3*b(f) - 4*l(f). What is the remainder when q(0) is divided by s(0)?
0
Let j = -254 - -266. What is the remainder when 14 is divided by j?
2
Let z(f) = 3*f + 6. Calculate the remainder when z(3) is divided by 3.
0
Let n = -74 + 41. Let b = 42 - n. Suppose 0 = 3*a - 8*a + 130. What is the remainder when b is divided by a?
23
Calculate the remainder when 1292 is divided by (6/32)/(27/324)*8.
14
Let y = 235 - 230. What is the remainder when 40 is divided by y?
0
Suppose -1213 = -33*z - 652. What is the remainder when (-124)/6*3/(-2) is divided by z?
14
Let c be 8 - 1 - (-14 - -18). Suppose 4*u - 25 = -c*k + 39, k - u - 33 = 0. Suppose -3*b = -b - k. Calculate the remainder when 41 is divided by b.
13
Let h(j) = j**3 + 11*j**2 - 2*j - 17. What is the remainder when 4/(-6)*18/(-1) is divided by h(-11)?
2
Let t(d) = 43*d + 591. Calculate the remainder when t(-12) is divided by 30.
15
Calculate the remainder when 125 is divided by (-4)/(-3 + -9)*(0 + 21).
6
Suppose 123*t + 30 = 124*t - 5*r, -4*r + 21 = t. Let i(q) = -q**2 + 5*q + 3. Calculate the remainder when t is divided by i(4).
4
Suppose -f = 5*c + 49, c - 3*c = -4*f + 24. Let a be ((-6)/(-5))/(3/50). Let u = c + a. What is the remainder when u is divided by 6?
4
Let b be (-132)/(-9)*(-3)/(-2). Let t = 34 - b. What is the remainder when t is divided by 5?
2
Let q = 1314 + -1174. Calculate the remainder when q is divided by 27.
5
Suppose -2*o + 49 = 5*q, -4*o - q + 125 = -0*q. What is the remainder when 247 is divided by o?
23
Let u = 26 + 5. Suppose 4*r = -20, 0*r + 12 = d - r. What is the remainder when u is divided by d?
3
Let w(m) = m**3 + m**2 + 2*m + 2. Let u be w(-2). Let s = u - 129. What is the remainder when 58 is divided by (2/(-6))/(3/s)?
13
Suppose 0 = -25*h - 57 + 1207. What is the remainder when h is divided by 12?
10
Suppose 96 = 5*i - 789. Let t = i + -90. Suppose -5*j = o - 143, -3*j + t = o - 0. What is the remainder when j is divided by 15?
13
Let h = 5073 + -5038. What is the remainder when h is divided by 24/(-9)*27/(-4)?
17
Suppose 3*r - 12 - 1 = -l, 0 = 5*l - 3*r - 11. Calculate the remainder when 1/4 - (-35)/l is divided by 2.
1
Let d(z) = z**2 + 7*z + 2. Let x be d(-6). Let f = -1 - x. Suppose -188 = -f*w - w. What is the remainder when w is divided by 12?
11
Let i(x) = 4*x**2 + x - 5. Suppose 2*u = -3*u - 15. Let n = 61 + 49. What is the remainder when n is divided by i(u)?
26
Let l = 118 + -169. Let i = l - -124. What is the remainder when i is divided by 25?
23
Suppose 14 = 5*j - 2*o, -j - 1 = -2*j + o. Suppose -j*d = -33 - 3. 